r?
True
Is 1926311 a prime number?
False
Is 368027 a prime number?
False
Is 237587 a prime number?
False
Is 449 a prime number?
True
Is 5227 a composite number?
False
Is 8039 composite?
False
Is 68707 a prime number?
False
Is 65687 composite?
False
Is 25313 composite?
True
Is 4717 prime?
False
Is 14281 a composite number?
False
Is 182447 prime?
False
Is 3365 a prime number?
False
Is 514223 prime?
False
Is 227971 a prime number?
False
Is 727241 a prime number?
True
Is 34955 prime?
False
Is 161179 a prime number?
False
Is 148661 a composite number?
True
Is 597563 a prime number?
False
Is 5401 a composite number?
True
Is 70717 a composite number?
False
Is 5557 prime?
True
Is 6593 prime?
False
Is 38945 prime?
False
Is 410062 a composite number?
True
Is 251663 a composite number?
False
Is 35491 composite?
False
Is 139021 a prime number?
True
Is 83513 prime?
False
Is 3265 prime?
False
Is 30389 a composite number?
False
Is 8581 a composite number?
False
Is 1492003 a composite number?
True
Is 15709 prime?
False
Is 5971 composite?
True
Is 429701 a composite number?
False
Is 123667 composite?
False
Is 75431 composite?
False
Is 9977 a composite number?
True
Is 7493 prime?
False
Is 35299 prime?
False
Is 3046547 a prime number?
False
Is 55831 composite?
True
Is 9017 composite?
True
Is 60443 a composite number?
False
Is 154319 a composite number?
True
Is 6145 a prime number?
False
Is 4861 prime?
True
Is 6947 a composite number?
False
Is 177209 prime?
True
Is 15017 a prime number?
True
Is 9763 a composite number?
True
Is 120671 a composite number?
False
Is 448231 composite?
True
Is 562231 prime?
True
Is 64673 prime?
False
Is 282899 a composite number?
True
Is 192461 prime?
True
Is 6537 a prime number?
False
Is 20789 a composite number?
False
Is 212701 a composite number?
False
Is 73517 prime?
True
Is 8081 composite?
False
Is 4889 composite?
False
Is 6739 a prime number?
False
Is 65599 prime?
True
Is 30631 a prime number?
True
Is 5557 a prime number?
True
Is 246311 a prime number?
False
Is 89959 composite?
False
Is 25423 a composite number?
False
Is 70046 prime?
False
Is 19267 composite?
False
Is 231797 prime?
False
Is 57185 prime?
False
Is 2081 prime?
True
Is 1055771 a composite number?
False
Is 57621 a composite number?
True
Is 11 a prime number?
True
Is 1693 a prime number?
True
Is 20873 prime?
True
Is 251761 composite?
False
Is 2991 a composite number?
True
Is 5383 composite?
True
Is 192893 a prime number?
False
Is 3662 a composite number?
True
Is 112121 composite?
False
Is 14923 a composite number?
False
Is 107441 a prime number?
True
Is 32347 composite?
True
Is 31607 a composite number?
False
Is 1432177 a prime number?
True
Is 5609 a composite number?
True
Is 4151 prime?
False
Is 104399 a composite number?
False
Is 14273 prime?
False
Is 4391 composite?
False
Is 99791 composite?
True
Is 617803 prime?
False
Is 179471 a prime number?
True
Is 13303 composite?
True
Is 148037 prime?
False
Is 169471 composite?
False
Is 1401157 a prime number?
False
Is 8677 a composite number?
False
Is 5479 prime?
True
Is 367 a composite number?
False
Is 1441015 a prime number?
False
Is 1872971 a prime number?
True
Is 17881 prime?
True
Is 3093 a prime number?
False
Is 6863 a prime number?
True
Is 24121 prime?
True
Is 584931 prime?
False
Is 11729 prime?
False
Is 24729 prime?
False
Is 453 a prime number?
False
Is 140909 composite?
False
Is 3943 a prime number?
True
Is 146299 a composite number?
False
Is 54851 composite?
False
Is 32771 prime?
True
Is 168643 a composite number?
False
Is 1757 composite?
True
Is 190195 prime?
False
Is 116741 a composite number?
False
Is 384437 a prime number?
True
Is 17769 prime?
False
Is 14349 a prime number?
False
Is 66329 prime?
False
Is 157867 prime?
True
Is 777758 composite?
True
Is 5421183 prime?
False
Is 14159 a composite number?
False
Is 54521 prime?
True
Is 280199 a composite number?
False
Is 608803 a composite number?
True
Is 32995 prime?
False
Is 1068857 a composite number?
False
Is 14099 composite?
True
Is 3841 prime?
False
Is 106957 a prime number?
True
Is 6779 a composite number?
False
Is 319313 a composite number?
False
Is 114223 composite?
True
Is 3863393 prime?
True
Is 16495 a composite number?
True
Is 28343 prime?
False
Is 8947 composite?
True
Is 171379 composite?
True
Is 29443 prime?
True
Is 17077 composite?
False
Is 98297 composite?
False
Is 25895 prime?
False
Is 8353 a composite number?
False
Is 64873 a prime number?
False
Is 84347 composite?
False
Is 65767 a composite number?
True
Is 3466499 a prime number?
True
Is 1553663 a prime number?
False
Is 151511 prime?
False
Is 47761 prime?
False
Is 23 a composite number?
False
Is 15553 prime?
False
Is 3961 prime?
False
Is 118045 composite?
True
Is 101041 a prime number?
False
Is 5583 prime?
False
Is 377857 composite?
True
Is 210821 a composite number?
True
Is 11027 a composite number?
False
Is 2119115 a prime number?
False
Is 72439 a composite number?
True
Is 361069 a prime number?
True
Is 796171 prime?
True
Is 13577 composite?
False
Is 213371 a composite number?
True
Is 37427 prime?
False
Is 1045829 composite?
False
Is 394669 a prime number?
False
Is 6131 a composite number?
False
Is 324111 prime?
False
Is 22531 a prime number?
True
Is 26621 a composite number?
True
Is 29649 a composite number?
True
Is 20227 a composite number?
True
Is 736301 prime?
False
Is 103133 composite?
True
Is 22247 a composite number?
False
Is 8369 composite?
False
Is 68861 a composite number?
True
Is 243619 a composite number?
True
Is 499229 a composite number?
False
Is 648481 prime?
True
Is 1274911 composite?
True
Is 1067 a composite number?
True
Is 280027 prime?
False
Is 507179 composite?
True
Is 31547 a composite number?
False
Is 4001453 prime?
True
Is 107741 a prime number?
True
Is 19859 a composite number?
True
Is 74587 a composite number?
False
Is 141506 a composite number?
True
Is 136811 a prime number?
True
Is 303391 a composite number?
True
Is 12409 a prime number?
True
Is 1117 composite?
False
Is 13751 a prime number?
True
Is 102863 a prime number?
False
Is 68261 prime?
True
Is 3061 a prime number?
True
Is 201623 a composite number?
False
Is 165757 composite?
True
Is 222553 a prime number?
True
Is 2503 prime?
True
Is 71857 prime?
False
Is 5753993 a composite number?
True
Is 503107 composite?
True
Is 201127 composite?
True
Is 202549 a prime number?
True
Is 2283479 a composite number?
True
Is 57927 a composite number?
True
Is 5167 a prime number?
True
Is 409153 a composite number?
False
Is 24197 a prime number?
True
Is 278687 composite?
False
Is 3251 a composite number?
False
Is 68863 prime?
True
Is 758837 a prime number?
True
Is 1142 a composite number?
True
Is 4049 composite?
False
Is 64919 a composite number?
False
Is 2432791 composite?
False
Is 834941 a prime number?
True
Is 34737 prime?
False
Is 367057 a prime number?
False
Is 1961 composite?
True
Is 7031 a prime number?
False
Is 129111 a composite number?
True
Is 161107 a composite number?
True
Is 32107 a composite number?
True
Is 90163 prime?
True
Is 188807 prime?
False
Is 326309 a prime number?
True
Is 94034 a prime number?
False
Is 15053 prime?
True
Is 339997 composite?
True
Is 143867 a prime number?
False
Is 17959 a composite number?
False
Is 11197 a prime number?
True
Is 337793 a composite number?
False
Is 244529 a prime number?
True
Is 362819 prime?
False
Is 11131 composite?
False
Is 89751 a composite number?
True
Is 596143 prime?
True
Is 30757 composite?
False
Is 13307 a prime number?
False
Is 570127 prime?
False
Is 469343 prime?
False
Is 63607 composite?
False
Is 16519 prime?
True
Is 515519 composite?
False
Is 62438 prime?
False
Is 8663 composite?
False
Is 19841 a prime number?
True
Is 1144589 composite?
False
Is 749 a composite number?
True
Is 10033 composite?
True
Is 462013 composite?
False
Is 292277 a prime number?
False
Is 30433 a composite number?
True
Is 24809 a prime number?
True
Is 89971 a prime number?
False
Is 9509 prime?
False
Is 23081 a prime number?
True
Is 10558 prime?
False
Is 494471 prime?
True
Is 32701 a composite number?
True
Is 45593 a composite number?
True
Is 47269 a prime number?
True
Is 85741 prime?
False
Is 271441 a composite number?
True
Is 702929 prime?
False
Is 33779 a prime number?
False
Is 18341 a prime 